1
What is the value of (-8 - (36 - 69)) + -24 + 0 + -18?
-17
-19 - (-3 + 33 + -18 + -95)
64
Calculate (0 - -2 - (3 + 8)) + (-2 - 25).
-36
What is 5 + (53 - 215) + 51?
-106
What is 1 + -39 - (31 + -46 + 30) - (7 - 12)?
-48
What is -2 - 11 - (25 + 18 + -31) - -1?
-24
What is 911 - 872 - (-43 + 4)?
78
Calculate (-22 - 3) + -3 + (-12 - (-16 - 2)).
-22
Evaluate 11 + -1 + -8 + (-33 - -46) + -85.
-70
-2 + 3 - 13 - (31 - (4 - -5 - 5))
-39
Calculate -1 + 3 + 38 + -412 + 437.
65
Calculate -149 + -2 + (7267 - 7163).
-47
-113 - ((-8 - 75) + 71)
-101
-52 - (-168 + 87 - -94)
-65
Evaluate -9 + (-4 - (-3 + 2 + 1)) + -188 + 158.
-43
What is -5 - 50 - (-212 - -180)?
-23
Evaluate -24 - -6 - (23 + -47 - -14).
-8
What is (-62 + 56 - 56) + 34?
-28
Calculate 20 - (-9 + (-11 - -29) + -15).
26
Evaluate 9 + (-30 - 3) + (-10 - (8 - 12 - -2)).
-32
What is -9 + (49 - 32) + 56 + 3 + 0 + -3?
64
What is the value of 10 + 44 - (9 - 20 - -1 - -5)?
59
(16 - (-23 + 43 + -1 + -13)) + -105 + 2
-93
Evaluate -58 + (1 - -2) + (3667 - 3636).
-24
Evaluate (53 - -35) + -32 + -46.
10
Evaluate -6 + -2 - (-14 + 13 + 1).
-8
Calculate 21 - (50 + -13) - 3.
-19
What is the value of 61 - (4 - (30 - 4) - (15 - 39))?
59
Evaluate 22 - (-25 + 86 + -47).
8
What is the value of 127 + -127 + -133 - -63?
-70
49 + (39 - 2) - (-7 - -21)
72
9 + 7 + (-7 - 6) - (-54 + (39 - 28))
46
34 - (-1 - -25 - -10)
0
90 - (51 + 39) - 13
-13
Calculate (-1 - -5) + (39 - 56 - -17) - (-5 + 1).
8
What is (-40 - (19 + -21 + -77)) + 21 + -1?
59
What is 8 + 3 - (-24 - (29 + -24))?
40
(9 + -15 - -5) + -52
-53
What is 7 - (3 + -1 + -1) - (-79 - (82 - 115))?
52
What is (-5 + 33 - 30 - -137) + -38?
97
What is -212 + 191 - (8 - (-11 - -5))?
-35
What is 8 - -5 - (-52 - (1 + -23))?
43
Evaluate 9 - (87 - ((3 - (25 + -12)) + 19)).
-69
2 + (71 - -3) + 10 + -19 + (10 - 5)
72
Evaluate (1 - 42) + (-6 - -8) - (6 + (-11 - -6)).
-40
What is -5 + 13 + 34 + 33?
75
What is 3 + 9 + (-250 - (-100 - 73))?
-65
What is -69 - (-98 + (-47 - -26))?
50
What is (-5 - 19 - -21) + (-18 + 95 - 19)?
55
Calculate 34 - 56 - -6 - (61 + -3).
-74
What is the value of -20359 + 20253 + 48 + -1?
-59
What is 18 - -11 - (21 + -8) - 15?
1
Calculate 667 + -655 + (32 - (6 + 0)).
38
Calculate 5 + (-64 - -36) + (-14 - 36).
-73
What is the value of 10 + 1 + 0 - (7877 - 7827)?
-39
Calculate (-31 + 75 - 39) + 1 + (-4 - -3) - 18.
-13
8 + (24 + -27 - (5 + 3)) - -51
48
Evaluate -62 + (-44 - -69) + 4.
-33
What is the value of 25155 - 25044 - (203 - 1)?
-91
28 + 0 - (152 + -247 + 173)
-50
What is the value of (1 - -16) + -204 + -28 + 136?
-79
Calculate ((-7 - 3) + 1 + 0 - (-35 + -59)) + -10.
75
What is 3 - (6 + (1 - (-4 - -10)) - -37)?
-35
What is -6 + (7 - ((7 - (-3 - -5)) + 1 + -15))?
10
What is -74 - -81 - 29 - -95?
73
Calculate -2 + 13 + (45 - 13 - (28 - -16)).
-1
What is -74 + -33 + 246 + -68?
71
Calculate 14 + (2 - 3) + (-11 + -12 + 43 - 19).
14
What is -22 + (-7 - -12 - (-16 + 7)) + (2 - 69)?
-75
What is (0 - (11 - -57)) + (4 - -15)?
-49
What is -86 + 63 + (44 - -1) - (68 - -5)?
-51
What is (55 - 34 - 10) + 49?
60
Calculate ((-22 - -13) + 17 + 2 - 17) + 7.
0
Evaluate 87 - (-3 - -6) - (284 - 239).
39
What is the value of -15 + (21 + -7 - 36 - -23) - -81?
67
Evaluate 550 + -572 + -3 + 16.
-9
-14 + (-44 - -29) + -3 + 37 + -27
-22
Calculate 64 + -46 - ((-27 - -5) + 76).
-36
(105 - (30 + 178)) + 105
2
What is the value of -30 + 7 + 20 + (11 - 31)?
-23
(10 - (80 - -24)) + 69
-25
Evaluate 61 + 1 - (-23 + (-39 - -70)).
54
Calculate 0 + -6 + (253 - (-68 + 208)).
107
What is 0 - (7 - (3 - 4)) - (-22 + 11 + 63)?
-60
What is the value of (-12 - ((7 - -6) + -14) - 0) + 14?
3
Calculate (8 - 90) + 0 + (-20 - (-62 - -33)).
-73
What is the value of (56 - 52) + (3 - -4) - (-5 - 28)?
44
20 + -847 + 832 + 1 + 23 + -3
26
Evaluate 12 - (-22 + (17 - 4)) - -17.
38
Calculate (-59 - -167) + -48 + (3 - (7 + 1)) + -3.
52
-3 - (2 - (-7 - 3)) - -23 - (77 - 0)
-69
Evaluate (15 + (6 - 7) - (4 - 1)) + 22 + -25.
8
What is the value of (-149 - -186) + -44 + -2 - (15 - 1)?
-23
Evaluate 12 - -24 - 40 - -46.
42
(-4 + 32 - (-15 + 11)) + (-9 - -13)
36
What is the value of 12 - 5 - (113 - 103) - -42?
39
What is the value of -6 + (4 + 4 - 9) - (-112 - (-65 - -40))?
80
Calculate -85 - -43 - (14 - 47).
-9
Evaluate -10 + 0 + 8 + (-25 + 6 - -7).
-14
What is the value of -2 + (13 + 0 + -9 - 9 - -3 - 27)?
-31
10 + 0 - (22 + -6 + 5)
-11
Calculate (-16 + 35 - -32) + -47.
4
Evaluate (-18 + 4 - -8 - -2) + 5 + (-115 - -134).
20
Evaluate -36 + (5 - (-7 + 6 + 9)) + -6 - -6.
-39
Evaluate 879 + -882 + 10 + (1 - (-2 - -5)).
5
What is the value of -14 - (20 + -13 + -92) - (6 - -3)?
62
What is the value of -120 - (-15 - (10 + -33 + 42))?
-86
Calculate 2 - -57 - (-95 - -26 - -63).
65
Calculate -16 + 14 - (17 + (16 - -20)).
-55
What is 7 + (-40 + (-1 + -2 - -1) - (461 - 459))?
-37
Calculate -608 + 635 + (-4 - 4 - -1).
20
What is the value of 38 + 1 + 13324 + -13430?
-67
What is the value of 6 - (7 - (-17 + 55) - (-3 - 0))?
34
What is the value of -6 + (8 - 7) - -23 - (-290 - -270)?
38
Calculate -1 + -26 + -12 - (13 - 3).
-49
What is (-3 - -34) + 63 + (-88 - -85)?
91
Calculate 32 - (-19 - (-57 - -7)) - (6 + 1).
-6
What is the value of 114 + (26 - 148) - (56 - (3 - 1))?
-62
Evaluate 46 + -15 + -65 + 8.
-26
What is (14 - 8) + -29 + 60 + -53?
-16
Calculate 11269 + -11252 - (23 + -2 - 0).
-4
Calculate (1 - 27 - (52 - 61)) + 29 + -36.
-24
What is -74 - (-10 + 10) - 16 - -24?
-66
13 + -17 + -32 + -8 + -14 + 0
-58
-7 + 5 + -4 + 6 - (-88 + -7 + 24)
71
What is the value of 43 - (67 + -34) - (-2 + 2 - -46 - -2)?
-38
What is (33 - (-10 + -13 - -31)) + 42?
67
What is the value of 29 - (103 - (9 - -15 - 33))?
-83
Calculate (34 - -33) + 53 + -121.
-1
What is the value of (-26 - 39) + 17 + 41?
-7
(-7 - 63 - 42) + -23 + 9
-126
What is the value of (792 - 841) + (3 - -77)?
31
1 - -2 - (31 + 11 + -38 + -11)
10
Evaluate -45 + (29 - (-40 + 21)).
3
What is 48 + (-710 - -746) + (-25 - 1)?
58
What is the value of 3 - 0 - (30 - (22 + -68 + -24))?
-97
What is 0 - 9 - (31 + -29 + 5 + 19)?
-35
-95 + (-25 - (5 - 79))
-46
Calculate -15 + 19 + -20 + 5 + 8 - (-80 - -1).
76
Calculate -2 + (-8 - -9 - (1 + 0 + -12)) - -10.
20
What is (30 - 20) + (9 - (8 + -1 + 12))?
0
Calculate 33 + (-1 - -1 - (30 - (-18 + (6 - -55)))).
46
Evaluate (-99 - -247) + (-97 - 2).
49
21 - (-40 + 20 + -33 + -11)
85
What is -35 - 1 - (1 + -4 + 6 + -251 + 246)?
-34
What is the value of -20 + 12 + 27 - (4 - -38)?
-23
Evaluate -183 + (344 - 173) + (-32 - (-1 - 0)).
-43
Evaluate (-6 - (-7 + (3 - -7))) + (-17 - -31).
5
Evaluate -5 - (-14 + 21 + 13).
-25
What is 2 + -9 + -1 + -131 + 19 - -19?
-101
What is the value of -3 - (3 + -9) - (10 + -15 - -3)?
5
(-20 - (3 + -8)) + -90 + 174 + -15
54
Calculate -1 + 55 + (1 - 63) - (1 + 21 + 2).
-32
What is the value of 108 + -43 + (-128 + 128 - (0 + 13))?
52
-37 + (-375 - -385 - (-1 - -18))
-44
Calculate (-11378 - -11329) + 0 + -7.
-56
What is the value of -9 + -4 + 25 + 2 + -12 + -21?
-19
What is the value of (15 + (-2 - -51) - -9 - 2) + -1?
70
Evaluate 61 - (141 + -70) - (16 + 1 + (1 - 3)).
-25
-68 - -63 - (-6 - (6 + 3)) - (6 - 14)
18
Calculate 49 + (78 - 113) + 8.
22
What is the value of (5 - 17) + (-5 - (-9 - -4)) + 10?
-2
What is 98 - (-71 - (-93 - 21))?
55
Calculate 20 + (-20 - 23) + 64 + -66.
-25
Evaluate 15 - (64 - 3 - (-107 + 83) - (5 + 0)).
-65
-81 - (-28 - 99) - 80
-34
Calculate (22 - 4 - (2 - -3 - -2)) + -77.
-66
What is the value of -59 - (-7 + 23 - (49 + -22))?
-48
Evaluate 63 + -77 - (-3 - (-1 + 79)) - 13.
54
-78 + 5 + -7 + 6 - (-562 - -559)
-71
(12 - 5) + -8 + -119 + 7 + 39
-74
(0 - (-6 - -3 - -2)) + (-29 - -34) + -36
-30
16 - 1 - (-879 + 917)
-23
Evaluate -3 - 3 - (41 + (12 - 73)).
14
Evaluate 10 + 38 - (12 + 20).
16
8 + (-17 - (-13 + 0)) - 22
-18
What is 16 + -42 + (-8 - 25) + 21?
-38
Calculate -49 + 35 - (-3 + (1 - -4)).
-16
(-11 - -19) + (18 + 11 - 0)
37
What is 97 + (-12 - ((11 - 23) + 21))?
76
What is (-23 + 25 + -2 - 16) + (-3 - -15)?
-4
(17 + 11 - (7 + 4 + -19)) + -2
34
Calculate 7 + 0 + -70 + 21 + 23 + -2 + 5.
-16
Evaluate (0 - 1) + -445 + 420 + (2 - -5).
-19
Calculate (-10 - 42) + 54 - 45.
-43
30 - (79 - (9 - 3))
-43
What is 12 + 18 - (34 - (7 + -89))?
-86
(8 - 86) + (83 - 27)
-22
-14 - (-1 - 3) - (-128 - (64 - 65))
117
What is -11